{"id":1741,"date":"2021-05-17T13:37:14","date_gmt":"2021-05-17T11:37:14","guid":{"rendered":"https:\/\/www.vignobles-silvio-denz.com\/silvio-denz\/"},"modified":"2021-10-27T12:54:30","modified_gmt":"2021-10-27T10:54:30","slug":"silvio-denz","status":"publish","type":"page","link":"https:\/\/www.vignobles-silvio-denz.com\/de\/silvio-denz\/","title":{"rendered":"Silvio Denz"},"content":{"rendered":"","protected":false},"excerpt":{"rendered":"","protected":false},"author":1,"featured_media":0,"parent":0,"menu_order":0,"comment_status":"closed","ping_status":"closed","template":"tpl-silvio.php","meta":{"_acf_changed":false,"footnotes":""},"class_list":["post-1741","page","type-page","status-publish","hentry"],"acf":[],"yoast_head":"<!-- This site is optimized with the Yoast SEO plugin v27.5 - https:\/\/yoast.com\/product\/yoast-seo-wordpress\/ -->\n<title>Silvio Denz &#8212; Vignobles SILVIO DENZ<\/title>\n<meta name=\"description\" content=\"N\u00e9 \u00e0 B\u00e2le, Silvio Denz grandit dans le petit village de Munchwilen, berceau de sa famille. Il quitte les bords du Rhin \u00e0 15 ans pour se former au m\u00e9tier de la banque et \u00e9tudier en Angleterre.\" \/>\n<meta name=\"robots\" content=\"index, follow, max-snippet:-1, max-image-preview:large, max-video-preview:-1\" \/>\n<link rel=\"canonical\" href=\"https:\/\/www.vignobles-silvio-denz.com\/de\/silvio-denz\/\" \/>\n<meta property=\"og:locale\" content=\"de_DE\" \/>\n<meta property=\"og:type\" content=\"article\" \/>\n<meta property=\"og:title\" content=\"Silvio Denz &#8212; Vignobles SILVIO DENZ\" \/>\n<meta property=\"og:description\" content=\"N\u00e9 \u00e0 B\u00e2le, Silvio Denz grandit dans le petit village de Munchwilen, berceau de sa famille. Il quitte les bords du Rhin \u00e0 15 ans pour se former au m\u00e9tier de la banque et \u00e9tudier en Angleterre.\" \/>\n<meta property=\"og:url\" content=\"https:\/\/www.vignobles-silvio-denz.com\/de\/silvio-denz\/\" \/>\n<meta property=\"og:site_name\" content=\"Vignobles SILVIO DENZ\" \/>\n<meta property=\"article:modified_time\" content=\"2021-10-27T10:54:30+00:00\" \/>\n<meta name=\"twitter:card\" content=\"summary_large_image\" \/>\n<script type=\"application\/ld+json\" class=\"yoast-schema-graph\">{\"@context\":\"https:\\\/\\\/schema.org\",\"@graph\":[{\"@type\":\"WebPage\",\"@id\":\"https:\\\/\\\/www.vignobles-silvio-denz.com\\\/de\\\/silvio-denz\\\/\",\"url\":\"https:\\\/\\\/www.vignobles-silvio-denz.com\\\/de\\\/silvio-denz\\\/\",\"name\":\"Silvio Denz &#8212; Vignobles SILVIO DENZ\",\"isPartOf\":{\"@id\":\"https:\\\/\\\/www.vignobles-silvio-denz.com\\\/de\\\/#website\"},\"datePublished\":\"2021-05-17T11:37:14+00:00\",\"dateModified\":\"2021-10-27T10:54:30+00:00\",\"description\":\"N\u00e9 \u00e0 B\u00e2le, Silvio Denz grandit dans le petit village de Munchwilen, berceau de sa famille. Il quitte les bords du Rhin \u00e0 15 ans pour se former au m\u00e9tier de la banque et \u00e9tudier en Angleterre.\",\"breadcrumb\":{\"@id\":\"https:\\\/\\\/www.vignobles-silvio-denz.com\\\/de\\\/silvio-denz\\\/#breadcrumb\"},\"inLanguage\":\"de\",\"potentialAction\":[{\"@type\":\"ReadAction\",\"target\":[\"https:\\\/\\\/www.vignobles-silvio-denz.com\\\/de\\\/silvio-denz\\\/\"]}]},{\"@type\":\"BreadcrumbList\",\"@id\":\"https:\\\/\\\/www.vignobles-silvio-denz.com\\\/de\\\/silvio-denz\\\/#breadcrumb\",\"itemListElement\":[{\"@type\":\"ListItem\",\"position\":1,\"name\":\"Accueil\",\"item\":\"https:\\\/\\\/www.vignobles-silvio-denz.com\\\/de\\\/\"},{\"@type\":\"ListItem\",\"position\":2,\"name\":\"Silvio Denz\"}]},{\"@type\":\"WebSite\",\"@id\":\"https:\\\/\\\/www.vignobles-silvio-denz.com\\\/de\\\/#website\",\"url\":\"https:\\\/\\\/www.vignobles-silvio-denz.com\\\/de\\\/\",\"name\":\"Vignobles SILVIO DENZ\",\"description\":\"Ch\u00e2teau Faug\u00e8res, Ch\u00e2teau P\u00e9by Faug\u00e8res, Ch\u00e2teau Cap de Faug\u00e8res, Ch\u00e2teau Rocheyron, Ch\u00e2teau Lafaurie-Peyraguey\",\"publisher\":{\"@id\":\"https:\\\/\\\/www.vignobles-silvio-denz.com\\\/de\\\/#organization\"},\"potentialAction\":[{\"@type\":\"SearchAction\",\"target\":{\"@type\":\"EntryPoint\",\"urlTemplate\":\"https:\\\/\\\/www.vignobles-silvio-denz.com\\\/de\\\/?s={search_term_string}\"},\"query-input\":{\"@type\":\"PropertyValueSpecification\",\"valueRequired\":true,\"valueName\":\"search_term_string\"}}],\"inLanguage\":\"de\"},{\"@type\":\"Organization\",\"@id\":\"https:\\\/\\\/www.vignobles-silvio-denz.com\\\/de\\\/#organization\",\"name\":\"Vignobles SILVIO DENZ\",\"url\":\"https:\\\/\\\/www.vignobles-silvio-denz.com\\\/de\\\/\",\"logo\":{\"@type\":\"ImageObject\",\"inLanguage\":\"de\",\"@id\":\"https:\\\/\\\/www.vignobles-silvio-denz.com\\\/de\\\/#\\\/schema\\\/logo\\\/image\\\/\",\"url\":\"https:\\\/\\\/www.vignobles-silvio-denz.com\\\/wp-content\\\/uploads\\\/2021\\\/07\\\/cropped-VSD-sigle.png\",\"contentUrl\":\"https:\\\/\\\/www.vignobles-silvio-denz.com\\\/wp-content\\\/uploads\\\/2021\\\/07\\\/cropped-VSD-sigle.png\",\"width\":512,\"height\":512,\"caption\":\"Vignobles SILVIO DENZ\"},\"image\":{\"@id\":\"https:\\\/\\\/www.vignobles-silvio-denz.com\\\/de\\\/#\\\/schema\\\/logo\\\/image\\\/\"}}]}<\/script>\n<!-- \/ Yoast SEO plugin. -->","yoast_head_json":{"title":"Silvio Denz &#8212; Vignobles SILVIO DENZ","description":"N\u00e9 \u00e0 B\u00e2le, Silvio Denz grandit dans le petit village de Munchwilen, berceau de sa famille. Il quitte les bords du Rhin \u00e0 15 ans pour se former au m\u00e9tier de la banque et \u00e9tudier en Angleterre.","robots":{"index":"index","follow":"follow","max-snippet":"max-snippet:-1","max-image-preview":"max-image-preview:large","max-video-preview":"max-video-preview:-1"},"canonical":"https:\/\/www.vignobles-silvio-denz.com\/de\/silvio-denz\/","og_locale":"de_DE","og_type":"article","og_title":"Silvio Denz &#8212; Vignobles SILVIO DENZ","og_description":"N\u00e9 \u00e0 B\u00e2le, Silvio Denz grandit dans le petit village de Munchwilen, berceau de sa famille. Il quitte les bords du Rhin \u00e0 15 ans pour se former au m\u00e9tier de la banque et \u00e9tudier en Angleterre.","og_url":"https:\/\/www.vignobles-silvio-denz.com\/de\/silvio-denz\/","og_site_name":"Vignobles SILVIO DENZ","article_modified_time":"2021-10-27T10:54:30+00:00","twitter_card":"summary_large_image","schema":{"@context":"https:\/\/schema.org","@graph":[{"@type":"WebPage","@id":"https:\/\/www.vignobles-silvio-denz.com\/de\/silvio-denz\/","url":"https:\/\/www.vignobles-silvio-denz.com\/de\/silvio-denz\/","name":"Silvio Denz &#8212; Vignobles SILVIO DENZ","isPartOf":{"@id":"https:\/\/www.vignobles-silvio-denz.com\/de\/#website"},"datePublished":"2021-05-17T11:37:14+00:00","dateModified":"2021-10-27T10:54:30+00:00","description":"N\u00e9 \u00e0 B\u00e2le, Silvio Denz grandit dans le petit village de Munchwilen, berceau de sa famille. Il quitte les bords du Rhin \u00e0 15 ans pour se former au m\u00e9tier de la banque et \u00e9tudier en Angleterre.","breadcrumb":{"@id":"https:\/\/www.vignobles-silvio-denz.com\/de\/silvio-denz\/#breadcrumb"},"inLanguage":"de","potentialAction":[{"@type":"ReadAction","target":["https:\/\/www.vignobles-silvio-denz.com\/de\/silvio-denz\/"]}]},{"@type":"BreadcrumbList","@id":"https:\/\/www.vignobles-silvio-denz.com\/de\/silvio-denz\/#breadcrumb","itemListElement":[{"@type":"ListItem","position":1,"name":"Accueil","item":"https:\/\/www.vignobles-silvio-denz.com\/de\/"},{"@type":"ListItem","position":2,"name":"Silvio Denz"}]},{"@type":"WebSite","@id":"https:\/\/www.vignobles-silvio-denz.com\/de\/#website","url":"https:\/\/www.vignobles-silvio-denz.com\/de\/","name":"Vignobles SILVIO DENZ","description":"Ch\u00e2teau Faug\u00e8res, Ch\u00e2teau P\u00e9by Faug\u00e8res, Ch\u00e2teau Cap de Faug\u00e8res, Ch\u00e2teau Rocheyron, Ch\u00e2teau Lafaurie-Peyraguey","publisher":{"@id":"https:\/\/www.vignobles-silvio-denz.com\/de\/#organization"},"potentialAction":[{"@type":"SearchAction","target":{"@type":"EntryPoint","urlTemplate":"https:\/\/www.vignobles-silvio-denz.com\/de\/?s={search_term_string}"},"query-input":{"@type":"PropertyValueSpecification","valueRequired":true,"valueName":"search_term_string"}}],"inLanguage":"de"},{"@type":"Organization","@id":"https:\/\/www.vignobles-silvio-denz.com\/de\/#organization","name":"Vignobles SILVIO DENZ","url":"https:\/\/www.vignobles-silvio-denz.com\/de\/","logo":{"@type":"ImageObject","inLanguage":"de","@id":"https:\/\/www.vignobles-silvio-denz.com\/de\/#\/schema\/logo\/image\/","url":"https:\/\/www.vignobles-silvio-denz.com\/wp-content\/uploads\/2021\/07\/cropped-VSD-sigle.png","contentUrl":"https:\/\/www.vignobles-silvio-denz.com\/wp-content\/uploads\/2021\/07\/cropped-VSD-sigle.png","width":512,"height":512,"caption":"Vignobles SILVIO DENZ"},"image":{"@id":"https:\/\/www.vignobles-silvio-denz.com\/de\/#\/schema\/logo\/image\/"}}]}},"_links":{"self":[{"href":"https:\/\/www.vignobles-silvio-denz.com\/de\/wp-json\/wp\/v2\/pages\/1741","targetHints":{"allow":["GET"]}}],"collection":[{"href":"https:\/\/www.vignobles-silvio-denz.com\/de\/wp-json\/wp\/v2\/pages"}],"about":[{"href":"https:\/\/www.vignobles-silvio-denz.com\/de\/wp-json\/wp\/v2\/types\/page"}],"author":[{"embeddable":true,"href":"https:\/\/www.vignobles-silvio-denz.com\/de\/wp-json\/wp\/v2\/users\/1"}],"replies":[{"embeddable":true,"href":"https:\/\/www.vignobles-silvio-denz.com\/de\/wp-json\/wp\/v2\/comments?post=1741"}],"version-history":[{"count":2,"href":"https:\/\/www.vignobles-silvio-denz.com\/de\/wp-json\/wp\/v2\/pages\/1741\/revisions"}],"predecessor-version":[{"id":1743,"href":"https:\/\/www.vignobles-silvio-denz.com\/de\/wp-json\/wp\/v2\/pages\/1741\/revisions\/1743"}],"wp:attachment":[{"href":"https:\/\/www.vignobles-silvio-denz.com\/de\/wp-json\/wp\/v2\/media?parent=1741"}],"curies":[{"name":"wp","href":"https:\/\/api.w.org\/{rel}","templated":true}]}}

<!-- This site is optimized with the Yoast SEO plugin v27.5 - https://yoast.com/product/yoast-seo-wordpress/ -->
<title>Silvio Denz &#8212; Vignobles SILVIO DENZ</title>
<meta name="description" content="Né à Bâle, Silvio Denz grandit dans le petit village de Munchwilen, berceau de sa famille. Il quitte les bords du Rhin à 15 ans pour se former au métier de la banque et étudier en Angleterre." />
<meta name="robots" content="index, follow, max-snippet:-1, max-image-preview:large, max-video-preview:-1" />
<link rel="canonical" href="https://www.vignobles-silvio-denz.com/de/silvio-denz/" />
<meta property="og:locale" content="de_DE" />
<meta property="og:type" content="article" />
<meta property="og:title" content="Silvio Denz &#8212; Vignobles SILVIO DENZ" />
<meta property="og:description" content="Né à Bâle, Silvio Denz grandit dans le petit village de Munchwilen, berceau de sa famille. Il quitte les bords du Rhin à 15 ans pour se former au métier de la banque et étudier en Angleterre." />
<meta property="og:url" content="https://www.vignobles-silvio-denz.com/de/silvio-denz/" />
<meta property="og:site_name" content="Vignobles SILVIO DENZ" />
<meta property="article:modified_time" content="2021-10-27T10:54:30+00:00" />
<meta name="twitter:card" content="summary_large_image" />
<script type="application/ld+json" class="yoast-schema-graph">{"@context":"https:\/\/schema.org","@graph":[{"@type":"WebPage","@id":"https:\/\/www.vignobles-silvio-denz.com\/de\/silvio-denz\/","url":"https:\/\/www.vignobles-silvio-denz.com\/de\/silvio-denz\/","name":"Silvio Denz &#8212; Vignobles SILVIO DENZ","isPartOf":{"@id":"https:\/\/www.vignobles-silvio-denz.com\/de\/#website"},"datePublished":"2021-05-17T11:37:14+00:00","dateModified":"2021-10-27T10:54:30+00:00","description":"Né à Bâle, Silvio Denz grandit dans le petit village de Munchwilen, berceau de sa famille. Il quitte les bords du Rhin à 15 ans pour se former au métier de la banque et étudier en Angleterre.","breadcrumb":{"@id":"https:\/\/www.vignobles-silvio-denz.com\/de\/silvio-denz\/#breadcrumb"},"inLanguage":"de","potentialAction":[{"@type":"ReadAction","target":["https:\/\/www.vignobles-silvio-denz.com\/de\/silvio-denz\/"]}]},{"@type":"BreadcrumbList","@id":"https:\/\/www.vignobles-silvio-denz.com\/de\/silvio-denz\/#breadcrumb","itemListElement":[{"@type":"ListItem","position":1,"name":"Accueil","item":"https:\/\/www.vignobles-silvio-denz.com\/de\/"},{"@type":"ListItem","position":2,"name":"Silvio Denz"}]},{"@type":"WebSite","@id":"https:\/\/www.vignobles-silvio-denz.com\/de\/#website","url":"https:\/\/www.vignobles-silvio-denz.com\/de\/","name":"Vignobles SILVIO DENZ","description":"Château Faugères, Château Péby Faugères, Château Cap de Faugères, Château Rocheyron, Château Lafaurie-Peyraguey","publisher":{"@id":"https:\/\/www.vignobles-silvio-denz.com\/de\/#organization"},"potentialAction":[{"@type":"SearchAction","target":{"@type":"EntryPoint","urlTemplate":"https:\/\/www.vignobles-silvio-denz.com\/de\/?s={search_term_string}"},"query-input":{"@type":"PropertyValueSpecification","valueRequired":true,"valueName":"search_term_string"}}],"inLanguage":"de"},{"@type":"Organization","@id":"https:\/\/www.vignobles-silvio-denz.com\/de\/#organization","name":"Vignobles SILVIO DENZ","url":"https:\/\/www.vignobles-silvio-denz.com\/de\/","logo":{"@type":"ImageObject","inLanguage":"de","@id":"https:\/\/www.vignobles-silvio-denz.com\/de\/#\/schema\/logo\/image\/","url":"https:\/\/www.vignobles-silvio-denz.com\/wp-content\/uploads\/2021\/07\/cropped-VSD-sigle.png","contentUrl":"https:\/\/www.vignobles-silvio-denz.com\/wp-content\/uploads\/2021\/07\/cropped-VSD-sigle.png","width":512,"height":512,"caption":"Vignobles SILVIO DENZ"},"image":{"@id":"https:\/\/www.vignobles-silvio-denz.com\/de\/#\/schema\/logo\/image\/"}}]}</script>
<!-- / Yoast SEO plugin. -->

Né à Bâle, Silvio Denz grandit dans le petit village de Munchwilen, berceau de sa famille. Il quitte les bords du Rhin à 15 ans pour se former au métier de la banque et étudier en Angleterre.

Château Faugères, Château Péby Faugères, Château Cap de Faugères, Château Rocheyron, Château Lafaurie-Peyraguey
